et d be h(58). Calculate the greatest common factor of r and d.
21
Suppose -113*p + 39*p = -382580. Calculate the highest common divisor of 1645 and p.
235
Suppose -51*w - 3542 + 22494 = 361*w. What is the greatest common factor of w and 2369?
23
Let w = -460 - -9723. Calculate the greatest common factor of 59 and w.
59
Suppose 444*h = 509*h - 3640. Calculate the highest common factor of 406 and h.
14
Let g(c) = c**2 - c + 78. Let l be g(0). Suppose -75 = l*m - 83*m. Suppose 2*u = 3*u - 3*x + 3, -m = -3*x. What is the greatest common divisor of u and 42?
6
Let h be (-1)/(0 - (-1)/7). Let d = 16 + h. Suppose w - 3*b = d, 0 = -3*w + 7*w + 2*b - 36. Calculate the highest common divisor of w and 36.
9
Suppose -5*x - d = -55, 5*x - 40 = -209*d + 205*d. Suppose -19 - 6 = -u. Suppose -m = -u - 71. Calculate the greatest common divisor of m and x.
12
Suppose -31 = -3*c + 179. Suppose -c = -6*u + 50. What is the greatest common factor of u and 90?
10
Let h = -10499 + 10657. Calculate the greatest common divisor of h and 1185.
79
Suppose 4*u - 7033 = -c, -7*u + 5*c = -8*u + 1763. What is the greatest common divisor of u and 6?
6
Let h = -11994 - -11999. Let k be 3 + (-2 - -3) + 1. What is the greatest common divisor of k and h?
5
Suppose 4*s + 185 = 5*t, -5*t + 2*s + 287 - 112 = 0. Suppose -t*f = -44*f + 297. What is the greatest common divisor of 108 and f?
27
Let u be ((-833)/(-34))/(6/12). Calculate the highest common factor of u and 6811.
49
Suppose -1 = -t + 4*z, -2*z = -5*t - 5*z + 5. Let v = -678 + 1003. Let c = v + -320. Calculate the greatest common divisor of t and c.
1
Let o be -4*(-30)/(-140) - 5118/(-42). Calculate the highest common divisor of 33 and o.
11
Let z(f) = 152*f - 1145. Let s be z(35). Calculate the highest common divisor of 25 and s.
25
Let q be 1 - (9/(-6) + (-2284)/8). Suppose 2*k - 5*n - q = 0, -k + n + 144 = -0*n. Calculate the greatest common divisor of k and 8.
8
Suppose -t = 2*n - 76, 2*t + 71*n - 72*n = 132. Calculate the greatest common factor of 833 and t.
17
Let v be ((-312)/(-28))/(36/168) - 6. What is the highest common factor of v and 16?
2
Let j(p) = -p**2 - 10*p + 127. Let u be j(-17). Suppose u*v - 3*v = -4*k + 96, 3*k = -5*v + 72. What is the greatest common divisor of k and 42?
6
Let d = -4906 - -4938. Calculate the greatest common divisor of d and 268.
4
Suppose -4*l + 362 = 3*k, 2*l + k - 3*k - 188 = 0. Suppose 628 + l = 5*b. Calculate the greatest common divisor of 6 and b.
6
Let x(l) = 5*l + 2. Let t be x(3). Let z(w) = 308*w - 3305. Let a be z(12). What is the greatest common divisor of t and a?
17
Let s(b) = -b**2 + 36*b - 68. Suppose 0 = 5*p + 2 - 112. Let j be s(p). Calculate the greatest common factor of j and 15.
15
Let j(m) = -m**3 + m + 45. Let k be j(0). Let b = -100 + -602. Let s be (b/k)/(9/(-30)). Calculate the greatest common divisor of 13 and s.
13
Let s = 64 + -52. Let a be (-64)/(-5) + (6/5)/6. Let t = 37 - a. What is the highest common divisor of s and t?
12
Suppose -97*x + 39*x + 7028 + 1382 = 0. Calculate the greatest common divisor of x and 125.
5
Let b = -4374 - -4512. What is the greatest common divisor of 90 and b?
6
Suppose 4*f - l - 101 = 0, -50*l - 87 = -3*f - 47*l. Calculate the greatest common divisor of f and 2328.
24
Let w be (-2 + -1)/((-18)/18*2/18). Calculate the greatest common divisor of 4455 and w.
27
Let d(i) = -i**2 - i + 40. Let u be (1 + -1)/(1 + 0). Let h be d(u). Let o be (1992/3 - 4)*(-60)/(-45)*21/42. Calculate the greatest common divisor of h and o.
40
Suppose 35*r - 72 = 11*r. Suppose -3*c + 24 + 36 = p, r*p + 4*c - 185 = 0. Let f = -5 - -12. Calculate the highest common divisor of p and f.
7
Let s be (-8)/(4/(-1)) + -2. Let h be (s + 3)*1 + 2. Suppose -21 - 39 = -h*v. What is the highest common factor of v and 84?
12
Suppose -17*f = -13*f - 24, 0 = -4*y + 5*f + 7722. What is the highest common factor of 1122 and y?
102
Let j(x) be the second derivative of 22*x + 2/3*x**4 + 0 - 1/20*x**5 + 9/2*x**2 - 3/2*x**3. Let q be j(6). Calculate the greatest common divisor of q and 297.
27
Let t = 32 + -17. Suppose 5*a - 4*j + 50 + 26 = 0, 2*a + 20 = -j. Let b be a/(-6)*2*30. What is the highest common factor of b and t?
15
Suppose 6*a = -12 + 6. Let z be (3/a)/(4/24*-1). What is the greatest common factor of z and 171?
9
Let q(w) = -199*w - 49. Let d be q(-3). Suppose -d = -2*l + 2*h, -3*l + h - 524 = -1348. Calculate the greatest common factor of l and 110.
55
Suppose 33 = 4*v + x, 0*v - 21 = -3*v + 3*x. Let l be (6/(-8))/(v/(-32)). Let u = 8 - -4. What is the highest common divisor of u and l?
3
Let w(u) = 4*u + 6. Suppose 0 = -5*v - 0*v + 30. Suppose 2 = 2*b + 2*q, -4*b - 2*q = q - v. Let g be w(b). What is the greatest common divisor of 6 and g?
6
Suppose 5*y - 9*y + 312 = 3*j, -2*y + 2*j = -170. Suppose 5*p - 315 = 4*b + 499, -2*b - 326 = -2*p. What is the greatest common factor of p and y?
81
Let q = -40 + 38. Let k = 3 - 30. Let z = q - k. What is the highest common divisor of 5 and z?
5
Let y(h) = 28*h**2 + h - 2. Let x be 74/(-37) - 3*-1. Let o be y(x). Calculate the greatest common divisor of o and 36.
9
Let o = -154 - -315. Let c = 8 + -1. Calculate the greatest common factor of c and o.
7
Suppose 464*h + 139728 = 512*h. What is the highest common divisor of 355 and h?
71
Let h = -829 + 855. Suppose 3*i = 4*k + 5, -10 = -3*i - 5*k + 4. Suppose 4*z + z = -i*f + 77, z - 3*f = 1. What is the greatest common factor of h and z?
13
Suppose -c + 2 = -0*c. Suppose c*b = 7 + 65. Let u be (7 - 10) + (-3)/(-2)*18. Calculate the greatest common factor of u and b.
12
Let j(i) = 2*i**2 + 60*i - 114. Let m be j(32). What is the greatest common divisor of 246 and m?
82
Let m be 60/6*8/16. Suppose -5*v - k = -61, 3*k = m*k + 8. Calculate the highest common divisor of 117 and v.
13
Let r be (-1)/(-3*(-4)/(-348)). What is the greatest common divisor of 3683 and r?
29
Let k be ((-3938)/(-77) - 7)/(6/42). What is the greatest common factor of k and 515?
103
Let k = 3668 + -3617. Calculate the highest common divisor of 4539 and k.
51
Let v be -58 + (-2 - -10)/(-4). Let j = v - -64. Suppose j*f = a - 39, 31 = 3*a - 2*a + 4*f. Calculate the highest common divisor of 7 and a.
7
Let h(p) = -193*p + 800. Let x be h(-3). Calculate the greatest common factor of x and 56.
7
Let j be (910/(-13))/1*2/(-4). Suppose 2*k + 80 = 10*k. Calculate the greatest common factor of j and k.
5
Suppose -4*x + 2*m + 1306 = 0, -2915*m - 997 = -3*x - 2910*m. What is the highest common factor of 4779 and x?
81
Suppose 15*u - 20709 - 26737 + 721 = 0. What is the greatest common divisor of 245 and u?
35
Let a be (-1553)/(-3) + 4*-5*13/390. What is the greatest common divisor of a and 385?
11
Suppose 0 = 6145*u - 6148*u + 12. Calculate the greatest common factor of u and 70.
2
Let z be (-18)/21*(-154)/(-4)*-2. Suppose -5*n = 3*w + 116, -3*w + 0*w + 60 = -3*n. Let b be n/(1 + 1 + -3). Calculate the highest common factor of b and z.
22
Let r be (1/(-4))/(-12 - (-2756806)/229736). Calculate the greatest common factor of 47 and r.
47
Suppose 103*r - 295052 = -7*r + 56618. What is the greatest common divisor of 92 and r?
23
Let q(i) be the second derivative of -i**5/4 + i**4/12 + i**3/3 - 4*i**2 - i - 26. Let n be q(-3). What is the highest common factor of n and 39?
13
Suppose -33814 = -5*w - 3*l, 0 = -3*l - 14 + 8. Calculate the highest common factor of w and 534.
178
Suppose -8*p - 7109 + 7291 = 5*p. What is the greatest common divisor of 4837 and p?
7
Suppose 8 = -2*s, -21 = 3*q + 3*s + 6. Let c(n) = -36*n - 84. Let v be c(q). What is the highest common divisor of 144 and v?
48
Suppose -72619 = -4*k - 3*d, 16462 + 1707 = k - 4*d. Calculate the greatest common factor of 1084 and k.
271
Suppose 4*n + 5*z = 4*z + 373, 4*n - 3*z = 385. Suppose 6*w - n = -10. Calculate the greatest common divisor of w and 238.
14
Let s be ((-4)/((-32)/(-270)))/((-7)/28). Suppose s + 57 = 4*l. Let b = 3 - -9. Calculate the highest common factor of l and b.
12
Let q = 58 + -35. Let v = 89 - q. Let s(d) = d**2 + 9*d + 26. Let i be s(-5). What is the highest common factor of v and i?
6
Suppose -414*a + 445*a = 3286. Calculate the highest common factor of a and 583.
53
Let p(s) = s**3 + 35*s**2 - 7*s - 221. Let x be p(-35). Suppose x